(base 11) to base 10.
-248201
255255004 (base 6) to base 13
1067a4c
What is 3260227 (base 8) in base 4?
3112002113
What is -1cff0c (base 16) in base 8?
-7177414
Convert 5a2c63 (base 14) to base 3.
12210112121210
Convert 588519 (base 12) to base 7.
15052251
Convert -71cd1 (base 16) to base 6.
-13554001
Convert 3446603 (base 7) to base 4.
1221200012
Convert 12221111111 (base 3) to base 10.
117004
What is -da27 (base 15) in base 5?
-2434122
Convert 12002011021222 (base 3) to base 12.
aa23b2
What is 82538 (base 11) in base 2?
11101011001110100
Convert 254983 (base 11) to base 15.
7e0c6
Convert 431414122 (base 5) to base 15.
261142
Convert -1022123011 (base 4) to base 9.
-514137
Convert 44401674 (base 8) to base 10.
9569212
What is 1404331232 (base 6) in base 8?
100707204
Convert -4366236 (base 8) to base 15.
-1830c6
Convert -100451 (base 13) to base 10.
-372035
Convert -212120300 (base 4) to base 7.
-1223255
-105752 (base 9) to base 14
-19100
Convert -dd180 (base 15) to base 13.
-1b78b7
Convert 34363e (base 15) to base 11.
145243a
-304053201 (base 6) to base 8
-23754041
What is -7708d (base 14) in base 12?
-11a985
12001003132 (base 4) to base 3
2222010111011
Convert -13244355 (base 6) to base 12.
-1936bb
Convert 221210112100 (base 3) to base 8.
1737573
What is -100392c (base 13) in base 4?
-102130122033
What is -102430314 (base 5) in base 3?
-211011112112
What is -2129814 (base 10) in base 12?
-868646
Convert -1655128 (base 14) to base 11.
-6208330
Convert 653de1 (base 15) to base 8.
22313154
What is 49152 (base 12) in base 6?
2040542
What is -3540383 (base 10) in base 8?
-15402637
ac24df (base 16) to base 14
16d954b
What is a667e (base 15) in base 12?
215655
What is 21020002222 (base 3) in base 4?
202232123
-450534323 (base 6) to base 8
-37105153
-405aa (base 11) to base 3
-10000022220
Convert -2796776 (base 10) to base 12.
-b2a608
-420302053 (base 6) to base 15
-9938d9
Convert -44ab4 (base 16) to base 9.
-467740
44794 (base 10) to base 4
22323322
What is -137304 (base 13) in base 12?
-1a9796
-12100110210020 (base 3) to base 4
-22312100121
Convert 4134436 (base 8) to base 5.
240032331
Convert 224430 (base 6) to base 16.
4ae2
What is 1628050 (base 9) in base 3?
1200222001200
135a67 (base 11) to base 10
212912
-105442 (base 8) to base 12
-18742
What is a9d830 (base 14) in base 7?
66653460
What is -440244311 (base 5) in base 12?
-76a577
3529a1 (base 11) to base 6
20001340
Convert 1110110000001101 (base 2) to base 13.
21675
666026 (base 7) to base 13
41531
-10011001111100001110010 (base 2) to base 7
-60606345
10100011000 (base 3) to base 14
19d42
Convert -11703526 (base 9) to base 16.
-577041
-1134011202 (base 5) to base 13
-716399
-2212400 (base 5) to base 8
-113113
Convert -11010331131 (base 4) to base 12.
-542339
What is -7124366 (base 8) in base 7?
-21651661
What is 123201243 (base 5) in base 10?
600198
112102001 (base 3) to base 14
3b84
1462449 (base 10) to base 8
5450261
What is -30044101 (base 6) in base 12?
-349631
Convert -361894 (base 14) to base 15.
-267a25
-3367b05 (base 12) to base 10
-9842549
421841 (base 16) to base 13
b8878b
-69746 (base 15) to base 13
-b9aa2
4a595 (base 15) to base 12
b554b
Convert 470a68 (base 11) to base 8.
2664707
-14867 (base 13) to base 12
-1a542
What is bc573 (base 14) in base 5?
104102320
What is -15410672 (base 8) in base 11?
-20002a8
Convert -202045525 (base 6) to base 2.
-1101001100011110111101
What is 355265 (base 7) in base 9?
107158
-111000120120110 (base 3) to base 6
-404153233
22301013 (base 5) to base 13
6b896
-11260 (base 11) to base 14
-5d0c
233c78 (base 16) to base 8
10636170
-210031211 (base 4) to base 3
-21112110112
Convert -2917212 (base 12) to base 10.
-8244590
Convert -8ab926 (base 16) to base 2.
-100010101011100100100110
Convert af72 (base 16) to base 7.
244642
-123011440 (base 5) to base 14
-1169ac
203030023 (base 5) to base 8
3125075
What is -774655 (base 8) in base 4?
-333212231
-444224224 (base 5) to base 16
-1dafdc
What is 4412032 (base 6) in base 9?
364052
What is 1122024 (base 6) in base 5?
3314342
What is -210440 (base 5) in base 9?
-10532
-3213022 (base 8) to base 2
-11010001011000010010
1441506 (base 10) to base 5
332112011
Convert 22ea03 (base 16) to base 7.
25306636
-3c36 (base 14) to base 8
-24610
Convert 518882 (base 12) to base 4.
10320133202
What is -45332 (base 14) in base 16?
-29050
Convert 45062432 (base 8) to base 10.
9725210
Convert -100110100001100011000 (base 2) to base 15.
-19e075
Convert -32150166 (base 7) to base 5.
-1200003321
What is 10100001100100011 (base 2) in base 7?
463114
cbcd32 (base 15) to base 9
20243462
What is -855082 (base 9) in base 13?
-14a845
What is -295576 (base 10) in base 8?
-1101230
Convert -405023450 (base 6) to base 3.
-111002100200110
What is 1212763 (base 12) in base 7?
41553045
Convert 100111111000011010101101 (base 2) to base 4.
213320122231
Convert 882b9 (base 14) to base 10.
329835
What is 11664523 (base 7) in base 8?
4022432
What is 1406b30 (base 14) in base 8?
45000246
What is 111010011011110010001 (base 2) in base 13?
5206cc
Convert -45365 (base 8) to base 12.
-b131
What is 53831 (base 9) in base 11?
24886
Convert -8d799 (base 16) to base 3.
-1002102220021
What is -4683b1 (base 12) in base 8?
-4247065
What is 113ab7 (base 14) in base 11?
370797
Convert a2b673 (base 12) to base 11.
1491736
What is 1992a0 (base 13) in base 3?
1012221200121
What is -2220201201211 (base 3) in base 7?
-16112650
What is 14a10c (base 14) in base 16?
af920
What is -108167 (base 13) in base 14?
-a1b47
-20022201010012 (base 3) to base 13
-9084c2
Convert 435044 (base 6) to base 15.
aa6a
Convert -10413013 (base 5) to base 16.
-165f1
2312391 (base 12) to base 5
3211240242
Convert 3754db (base 16) to base 6.
205415551
What is -b560a (base 12) in base 14?
-62842
What is -6e83e9 (base 15) in base 13?
-11341b9
34588 (base 14) to base 7
1040131
2021102303 (base 4) to base 13
168c71
69946 (base 12) to base 10
141318
Convert 39b79 (base 12) to base 11.
54756
11110000110010101011 (base 2) to base 16
f0cab
Convert -31253330 (base 6) to base 9.
-1635250
1020020001220 (base 3) to base 16
9fa8c
Convert -1012000122201 (base 3) to base 12.
-26493a
What is 54bc1 (base 16) in base 9?
578076
What is 29147a (base 11) in base 6?
13434021
Convert -13003111111 (base 4) to base 13.
-4c95a9
What is 110111110010111011010 (base 2) in base 8?
6762732
Convert -112d3 (base 15) to base 9.
-82860
Convert 12c6b (base 16) to base 12.
3860b
-126561263 (base 7) to base 12
-2903058
2630562 (base 10) to base 4
22002032202
Convert 1430310400 (base 5) to base 6.
212331512
-42130305 (base 7) to base 12
-1234600
What is -1121220022112 (base 3) in base 8?
-3227537
Convert -1010220 (base 7) to base 13.
-42903
415489 (base 10) to base 15
83194
What is 354525 (base 6) in base 14?
b36d
Convert -3133401 (base 8) to base 13.
-232387
-40545054 (base 6) to base 4
-10130121322
Convert -101000100000011100001111 (base 2) to base 14.
-15a5aa3
-2a9943 (base 12) to base 7
-6064506
What is ef45 (base 16) in base 3?
10010000122
-8952 (base 10) to base 4
-2023320
-1553504 (base 7) to base 4
-310132313
What is 113303444 (base 6) in base 11?
12205a8
Convert -1201212133 (base 4) to base 7.
-3253345
What is -874b4 (base 13) in base 2?
-111011101111010010
10e717 (base 16) to base 10
1107735
What is 1522a (base 12) in base 4?
13100002
What is b863 (base 13) in base 6?
314304
What is 581802 (base 15) in base 5?
2034111202
2338c1c (base 13) to base 8
51363751
What is 1493447 (base 10) in base 6?
52002035
Convert -160135340 (base 7) to base 4.
-220330012313
Convert -224b36 (base 16) to base 12.
-90475a
What is -43b692 (base 12) in base 11?
-676612
Convert -1240003242 (base 5) to base 16.
-2e7f9a
44a612 (base 11) to base 3
1100102021210
95127b (base 13) to base 15
48d31e
What is 2b874 (base 16) in base 14?
48d92
-1433414 (base 5) to base 15
-9074
-2c502 (base 15) to base 16
-22e1d
What is 244663 (base 9) in base 11?
a1055
What is 2201201201 (base 3) in base 13?
1b607
What is -200111120110 (base 3) in base 15?
-72d93
-221112002 (base 4) to base 15
-3529b
1000110100001000100011 (base 2) to base 14
442135
-1010110001101011011111 (base 2) to base 4
-22301223133
Convert 3488744 (base 10) to base 9.
6506582
-280982 (base 14) to bas